 List the prime factors of u.
2, 3
Let v = 9 + -7. Suppose 0 = 2*k - 7*k + v*z - 8, 0 = 3*z - 12. Suppose -16*j + 11*j + 35 = k. What are the prime factors of j?
7
Suppose 48*t = 40*t + 2632. List the prime factors of t.
7, 47
Let s = 4642 - 2036. What are the prime factors of s?
2, 1303
Let i(q) = -109*q - 9. Suppose -15 = -5*k - 30. What are the prime factors of i(k)?
2, 3, 53
Suppose -2*x - 7 = -2*h + 41, -x = 5*h + 48. Let a = 29 + x. List the prime factors of a/5 - (-357)/15.
2, 3
Let o(t) = t**3 + 13*t**2 - 28*t. What are the prime factors of o(-12)?
2, 3, 5
Let o(x) = 15*x**2 + 2*x + 3. Suppose 12 = -f - 25. Let r = f + 35. What are the prime factors of o(r)?
59
Let g = -90 + 103. Suppose 0 = i - g*i + 2952. What are the prime factors of i?
2, 3, 41
Let n(p) = p**2 + 4*p - 10. Let o be n(5). Suppose 2*u = o + 5. List the prime factors of u.
2, 5
Let r = 7821 + -4830. What are the prime factors of r?
3, 997
Suppose -19*b = -22*b + 177. Let x = 83 + b. List the prime factors of x.
2, 71
Suppose 0 = -2*a + 7*a + 3*c - 2793, 2*c - 1114 = -2*a. List the prime factors of a.
3, 11, 17
Let s(q) = -q**3 + 2*q**2 - 2. Let y be s(-2). Let g = 28 - y. List the prime factors of g.
2, 7
Suppose 2*c - 62 = -58. Suppose 5*s - 600 = c*s. What are the prime factors of s?
2, 5
Let l(o) = 2*o**2 - 39*o + 550. What are the prime factors of l(26)?
2, 3, 37
Let p(t) = t + 1. Let z be p(-1). Suppose 2*i - 5*i + 318 = z. Suppose i = 5*o - 9. List the prime factors of o.
23
Let q = 396 - -9. Suppose -2*g = g - q. What are the prime factors of g?
3, 5
Let n = 7 + -3. Let y be 78/(-65)*(-10)/4. Suppose 28 = y*s + n. List the prime factors of s.
2
Let z(g) = -13*g + 1. Let v(p) = p - 2. Let w(q) = 6*v(q) + z(q). What are the prime factors of w(-7)?
2, 19
What are the prime factors of 6/((-9)/(-5238)*4)?
3, 97
Let c(i) = -3*i**3 + 6*i**2 - 3*i - 7 + 0*i + 4*i**3 - 2*i. Let g be ((-3 - 0) + 4)*-5. What are the prime factors of c(g)?
43
List the prime factors of 612 + (-8)/(-84) + 6/(-63).
2, 3, 17
Let c(x) = -2*x + 14. Let m be c(7). Suppose 0*l + 11*l - 3267 = m. What are the prime factors of l?
3, 11
List the prime factors of 3023 - 27/9*-3.
2, 379
Let h be 8/3*3/2. Suppose -5*s + 20 = -w, 3 + 12 = h*s - w. Suppose 15 = s*q - 20. List the prime factors of q.
7
Suppose 4*u - m = -0*u + 2098, 5*m - 2110 = -4*u. What are the prime factors of u?
3, 5, 7
What are the prime factors of (238/5)/((-12)/(-180)) - 7?
7, 101
Let r(y) = -93*y**3 - 2*y**2 - 10*y - 3. What are the prime factors of r(-2)?
3, 251
Suppose -25*p + 7410 = -23*p. What are the prime factors of p?
3, 5, 13, 19
Let s(h) = -h**3 - 8*h**2 - 6*h + 8. Let u be s(-7). Let v be 3/(6/(-4))*u. Let g = 5 + v. What are the prime factors of g?
3
Let w(q) = 8*q + 21. Let x be w(-2). Suppose 972 = 5*a - u - 623, 2*u + 1600 = x*a. List the prime factors of a.
2, 3, 53
List the prime factors of ((-252)/(-3))/(12/18).
2, 3, 7
Let h(d) = -79*d + 1123. What are the prime factors of h(-44)?
3, 7, 73
Let r(m) = 4*m**3 - 3*m**2 - 6*m - 14. What are the prime factors of r(6)?
2, 353
Suppose i = -4*x + 3539, -2*x - 5*i - 523 = -2270. List the prime factors of x.
2, 443
Suppose -281*o - 3864 = -295*o. List the prime factors of o.
2, 3, 23
Suppose 59 = 5*b - 2426. List the prime factors of b.
7, 71
Let r = 17 - -644. List the prime factors of r.
661
Let b = 519 + -217. List the prime factors of b.
2, 151
What are the prime factors of (-6)/(-39) + (-7008)/(-78)?
2, 3, 5
Let l(g) = 2*g + 3*g - 4*g - 2*g + 12. Let z be 4/12 - (-2)/(-6). What are the prime factors of l(z)?
2, 3
Suppose 0 = -3*w + 2*n - 5*n - 42, -2*w - 40 = -2*n. Let a = -14 - w. Suppose -a*x = -x - 50. What are the prime factors of x?
5
Let s = -2 + 5. Suppose 44 = s*d - 4. List the prime factors of d.
2
Suppose 510 = 4*p + 5*n - 152, -498 = -3*p - 3*n. Suppose 2*k = -2*k + p. List the prime factors of k.
2, 3, 7
Let f be (0 + (2 - 1))*-4. Let c(d) = -d**3 + 7*d**2 - 7*d - 8. Let y be c(6). List the prime factors of (y/f)/((-1)/(-4)).
2, 7
Let o = -676 + 922. List the prime factors of o.
2, 3, 41
Let t(d) = -6*d**2 - 10*d - 17. Let o(y) = 2*y**2 + 3*y + 6. Let q(w) = -11*o(w) - 4*t(w). Let c = 43 + -50. List the prime factors of q(c).
3, 17
Let f(a) = 3*a + 42. Let b be f(-8). Suppose 292 = 22*y - b*y. List the prime factors of y.
73
Let j be (0 + -2)/(-1) - 0 - -3. Suppose 4*o - 450 = 2*s, -j*o + 0*s - 4*s = -543. What are the prime factors of o?
3, 37
Let u = -13 + 18. Let v(x) = 14*x + 22. What are the prime factors of v(u)?
2, 23
Let l(m) = m**3 - 13*m**2 - 12*m - 20. Let f be l(14). Let a = -5 - -8. Suppose a*g = g + f. List the prime factors of g.
2
Let h = -4 - -8. Suppose 8*u - h*u = 16. Suppose -2*y + 16 = 4*d - 26, 0 = -2*d - u. List the prime factors of y.
5
Let h = 156 - -428. List the prime factors of h.
2, 73
Let s be (9/(-15))/((-3)/10). Suppose w + 250 = 6*w + 2*n, 2*w - 106 = -s*n. What are the prime factors of w?
2, 3
Suppose 5*b = -3*q + 7015, 90*b - 86*b - 7019 = -3*q. List the prime factors of q.
5, 7, 67
Suppose 25*i + 8060 = 35*i. What are the prime factors of i?
2, 13, 31
Let w(m) = -9*m - 37. What are the prime factors of w(-7)?
2, 13
Let g be -1 + -2*3/(-2). Suppose -x - x = 4*c - 210, 5*x = g*c - 99. List the prime factors of c.
2, 13
Let z be (-2)/(-3)*120/4. Suppose -z = 4*k - 4*x, 0 = -3*k + 8*k + x - 5. Let m(d) = -2*d + 13. What are the prime factors of m(k)?
13
Let l = 14 - 21. Let w(s) = -5*s - 14. Let k be w(l). Let j = k - 16. List the prime factors of j.
5
Let c = -8 - -12. Suppose -2*q = 8, 3*r - 47 = 3*q - c*q. Suppose 6 = p - r. What are the prime factors of p?
23
Suppose j - 110 = -3*y, -2*j + y + 226 = 4*y. Let m be (6/(-7))/(-3) - 5508/(-28). Suppose a + m = 4*x, 0 = 2*x - 3*a + 25 - j. What are the prime factors of x?
2, 5
Suppose 2*y = 5*v + 579, -2*v - 6 = -0*v. What are the prime factors of y?
2, 3, 47
Suppose -3*b - 20 = -2*w, -w - 2*w = -4*b - 28. Let m(z) = -42*z + 3. List the prime factors of m(b).
3, 19
Let b(g) = -12*g - 2. Suppose -2*s - 18 = s - 2*x, 0 = 2*x - 6. List the prime factors of b(s).
2, 23
Suppose 0 = 19*s - 11*s + 144. Let x = -49 - -21. Let t = s - x. What are the prime factors of t?
2, 5
Let k = -9039 + 12871. List the prime factors of k.
2, 479
Let g(z) = -18*z + 9*z + 15*z - z**2 - 5. Let t be g(5). Suppose -2*y - m + 74 = t, -6*y + 2*y + 3*m = -128. What are the prime factors of y?
5, 7
Suppose -5*w + 4868 = 3*m - 722, 0 = 2*w + 8. Suppose 4*j + 7*j - m = 0. List the prime factors of j.
2, 5, 17
Let l = 67 + -45. Let b = 49 - l. List the prime factors of b.
3
Let v(l) = -l - 2. Let j be v(-9). Let x(b) = -b**2 + 6*b + 5. Let g be x(j). List the prime factors of (-21)/(g/(-3 + 5)).
3, 7
List the prime factors of -3 - -9 - (-482 + 11).
3, 53
Let r(l) = 4*l - 21. Let m(t) = 4*t - 25. Let d be m(10). What are the prime factors of r(d)?
3, 13
Let o(h) = 404*h**3 + 2*h**2 - 4*h + 5. List the prime factors of o(2).
3, 13, 83
What are the prime factors of 160 + ((-1)/(-3) - (-2)/3)?
7, 23
What are the prime factors of (-2)/(-9) + 20/(-9) - -470?
2, 3, 13
Let c(y) be the third derivative of y**5/60 - 3*y**4/8 + 8*y**3/3 + y**2. What are the prime factors of c(12)?
2, 13
Suppose 361 = -2*w + 5*t + 2436, 3*w - t - 3132 = 0. What are the prime factors of w?
5, 11, 19
Suppose 0*d + 2*d = -y + 12, 2*d + 8 = 4*y. Suppose d*t - 5*h - 154 = 45, -3*t - h + 154 = 0. What are the prime factors of t?
3, 17
Suppose -5*z = x - 251, 389 - 1584 = -5*x + 5*z. What are the prime factors of x?
241
Suppose 0 = 3*u - v - 2383, -3156 = -11*u + 7*u - 4*v. List the prime factors of u.
13, 61
Let x(f) = -7*f**2 - 11*f + 16. Let d(y) = -6*y**2 - 10*y + 17. Let b(t) = -6*d(t) + 5*x(t). List the prime factors of b(-10).
2, 7
Suppose -2*x - 7*x - 9 = 0. Let p(m) = -10*m + 1. List the prime factors of p(x).
11
Suppose -5*t + 2*s = -32, -2*t + 2*s + 3 = -11. Suppose 12 = -t*u + 9*u. Suppose 20 = -4*d, 3*h + u*d - 48 - 67 = 0. List the prime factors of h.
3, 5
Let z(r) = 3*r + 6*r - r + 2*r + 11. List the prime factors of z(9).
101
Suppose 2*j - 4*d + 78 = 4*j, 180 = 4*j + 2*d. What are the prime factors of j?
47
Let f(v) = v**3 + v**2 - 17*v - 5. Let m be f(11). Suppose m = 7*p + 413. List the prime factors of p.
11
Let g(o) be t